 prime factors of d(r)?
2
Let r = 463 - 396. What are the prime factors of r?
67
Suppose -2*k - 3*k = -u - 10, 5*u = -5*k + 70. What are the prime factors of 23/(-4 + 45/u)?
2, 23
Let k = -51 - -53. Suppose k*y - 118 - 84 = -2*u, -2*y + 398 = 4*u. List the prime factors of u.
2, 7
Let f = 13 - -1. Suppose 2 + f = 2*s. What are the prime factors of s?
2
Let s(u) = 10*u - 4. Let l = 7 + -15. Let w = l + 11. List the prime factors of s(w).
2, 13
Let m = 7 - 9. Let k be -8 - m - (3 + -3). List the prime factors of k*10/(-4) + -2.
13
Let y = 1022 + -415. List the prime factors of y.
607
Let f(h) = -h**2 - 22*h - 24. Let p be f(-19). Let j be (0 - -1)*(-24)/(-12). Suppose y - 11 = 5*z, -5*y + p = -j*y + z. What are the prime factors of y?
11
What are the prime factors of (-2)/19 - (-23634)/342 - -3?
2, 3
Suppose x = 2*x + 5*t + 17, 15 = 3*t. Let u = -72 - x. Let s = u - -89. List the prime factors of s.
59
Let n(c) = 3*c + 37. Let b(g) = -g - 9. Let p(i) = 9*b(i) + 2*n(i). Let a be p(-5). Suppose -4*d - 3*l = -79, -4*l - 4 = a. List the prime factors of d.
2, 11
Suppose 0 = 4*v - 471 + 67. Let j = -42 + v. What are the prime factors of j?
59
Suppose 54539 - 3079 = 83*q. What are the prime factors of q?
2, 5, 31
Let g = 1004 + -560. Let o be (2/(-8))/((-3)/g). Let b = o - 5. List the prime factors of b.
2
Let z = 3 - 1. Suppose 3*y - y + 5*x - 193 = 0, 0 = 4*y + z*x - 378. Suppose -4*d - 10 = -y. List the prime factors of d.
3, 7
Let d be (-4)/3 - (-1292)/6. Let s = 321 - d. What are the prime factors of s?
107
Let q(a) = a + 5. Let l be q(-4). Suppose 9*s - 22 - 5 = 0. What are the prime factors of 51*s/(9/l)?
17
Let p(n) = n**2 - 12*n + 2. Let f be p(12). Suppose -f*t + 13 = -13. Let z = t - 8. List the prime factors of z.
5
Let c(i) = 2*i - 121. Let k(o) = -3*o + 241. Let l(x) = 5*c(x) + 3*k(x). Let y be l(0). Let s = y + -79. List the prime factors of s.
3, 13
Let d be -1 + -3 - -1 - 660. What are the prime factors of (d/26)/((-6)/8)?
2, 17
Let h = -642 - -1064. What are the prime factors of h?
2, 211
Suppose 5*q = 2*i + 9055, -2*q - 3*i - 9060 = -7*q. List the prime factors of q.
3, 67
Let c(s) = -133*s - 115. List the prime factors of c(-3).
2, 71
Let x be 2/(-3)*10461/22. Let u = x + 448. List the prime factors of u.
131
List the prime factors of 276/(-8)*(592/(-6) - -4).
2, 23, 71
Suppose -32 = -4*d - v + 2*v, 3*d - 3*v = 24. Suppose d*a = -0*a + 664. List the prime factors of a.
83
Suppose 0 = -i + 5*x + 77, x + 286 = 3*i - 3*x. List the prime factors of (-2)/(-17) - (-2130)/i.
3, 7
Let s be -140*(-1)/(2/4 + -3). Let v = 30 - s. List the prime factors of v.
2, 43
Let w(v) = -4*v**2 - 19*v + 11. Let b be w(-9). Let s = b - -240. List the prime factors of s.
2, 7
Let p be (1 + -1 - 0)/(88/(-44)). Suppose 6*z - 985 + 31 = p. What are the prime factors of z?
3, 53
Let z(g) = 156*g**2 + g - 2. Let a be z(2). Suppose -3*p - 177 + a = 0. What are the prime factors of p?
149
Suppose 0 = 4*v - 0*v + 4, 0 = -5*u + v + 21. Suppose 8 = n - u*x, 0 = -4*n + 5*x + 48 + 39. List the prime factors of n.
2, 7
Let d(t) = 7*t + 35. Let g be d(-6). Let o(z) = 2*z**2 - 6*z - 21. List the prime factors of o(g).
7, 17
Suppose 46 + 670 = 4*o + 2*q, -3*o - 3*q + 543 = 0. What are the prime factors of o?
3, 59
Suppose -4*o + 659 = -5*t - 2098, 0 = 2*o + 4*t - 1372. What are the prime factors of o?
2, 43
Suppose -d + 2*u = -2*d + 1, 0 = 4*u. What are the prime factors of -60*(5 + d)*4/(-10)?
2, 3
Suppose 4*c - 5*r - 54 = 0, c = -4*c - 4*r + 88. Suppose -5*n - c = -6, v - 2*n - 102 = 0. What are the prime factors of v?
2, 7
Suppose -75 - 33 = -3*k. Let m be 222/k - (-1)/(-6). List the prime factors of (-52)/6*m/(-4).
13
Let y(j) = 30*j. Let w(l) = 17*l**2 + 8*l - 1. Let o be w(-1). List the prime factors of y(o).
2, 3, 5
Let l(r) = r**3 + 24*r**2 - 26*r - 20. Let j be l(-25). Let q = 21 + j. List the prime factors of q.
2, 13
Suppose -8*u + 3*u = 3*h - 27, 4*u - 12 = 0. Suppose -h*o + 12 = -o. List the prime factors of o.
2
Let c = -7 + 1. Let f(b) = -8*b - 6. List the prime factors of f(c).
2, 3, 7
Let t(d) = d**3 - 23*d**2 - 77*d + 15. List the prime factors of t(26).
41
Let m be ((-2 - -1)*-178)/2. Suppose 3*o + 2*w = m, 128 = 4*o + w + 11. What are the prime factors of o?
29
Let n(q) = -2*q**2 + 20*q + 27. Let u be n(19). Let x = -91 - u. List the prime factors of x.
2, 7
Let r(g) = -g - 3. Let w be r(5). List the prime factors of w/12 - 149/(-3).
7
Let u = -23 - -6. Let x(s) = -61 - 19*s - 5 + 39 - 5*s**2 + 4*s**2. List the prime factors of x(u).
7
Suppose 219 = 4*y - 937. What are the prime factors of y?
17
Suppose -m + 4*w - 236 = 4*m, -3*w - 3 = 0. Let p = m - -58. List the prime factors of p.
2, 5
Let k(g) be the third derivative of -g**6/120 + 13*g**5/60 - g**4/12 - 7*g**3/2 + 59*g**2. What are the prime factors of k(12)?
3, 11
What are the prime factors of (-50)/(-700) + (-37910)/(-28)?
2, 677
Let p be -1 + (1 - 0)/1. Suppose 0 = -4*d + q + 11, -4*q + 1 = -19. Suppose -d*m + m + 30 = p. What are the prime factors of m?
2, 5
Let s = -7 - -6. Let d be (-1)/(s*2/14). What are the prime factors of d + (20/4 - 1)?
11
Suppose 33*a = 29*a + 1928. List the prime factors of a.
2, 241
Suppose 17 = 7*t + 3. Suppose 4 + 6 = t*r. Suppose 17 = j + 4*u, 0*j = -r*j + 4*u + 61. What are the prime factors of j?
13
Suppose -632 = 4*o - 3*q, -4*o - 600 = 2*q + 3*q. Let x = o + 286. Let y = x + -90. List the prime factors of y.
41
Let d(v) = -v - 5. Let z be d(-3). Let r = 295 + -197. What are the prime factors of r/4 - (-1)/z?
2, 3
What are the prime factors of 437/(-2)*(-2 - -4)*-1?
19, 23
Suppose 0 = -7*p + 12 + 107. Suppose 4*z = w + p, 0 = 4*w + 4 - 0. What are the prime factors of z?
2
Let h be 3/(6/(-22)) - 5. List the prime factors of (h/(-10))/((-18)/(-1665)).
2, 37
Let a be 0 + 0 - -1 - -3. Suppose 0 = -a*c + 328 + 112. List the prime factors of c.
2, 5, 11
Suppose -a = 3*a - 628. Suppose -2*n + a = 7. What are the prime factors of n?
3, 5
Let l = -1038 + 1598. What are the prime factors of l?
2, 5, 7
Let c = -1 - -4. Let v be 1 + 2 + (-3)/c. Suppose -r + h = -13, v*r - 5*h = 25 + 16. What are the prime factors of r?
2
Let w(m) be the first derivative of m**5/40 + m**4/4 - m**3/3 - 1. Let d(f) be the third derivative of w(f). List the prime factors of d(5).
3, 7
Let s(q) = -10*q**3 + q**2 - 4*q - 3. Let a = 3 - 5. List the prime factors of s(a).
89
Let d = -1 + 1. Suppose f - 4*a - 4 - 12 = d, -f - 3*a = 5. Suppose 0*i + i - 67 = -3*r, -f*i - 84 = -4*r. List the prime factors of r.
2, 11
List the prime factors of (-12426)/(-10) - 75/125.
2, 3, 23
Let a be -2*2/(-4)*-149. Let j = a + 213. Let d = j + -39. List the prime factors of d.
5
Suppose 2*m = -5*a + 3366, -2694 = -4*a + 4*m - 5*m. List the prime factors of a.
2, 337
Let x(i) = 3*i**2 - 14*i + 23. Let b be x(11). Let u = -94 + b. What are the prime factors of u?
2, 3, 23
Suppose 10*g = 43*g - 16500. What are the prime factors of g?
2, 5
Suppose 4*z = 2765 + 355. List the prime factors of z.
2, 3, 5, 13
Let n(q) = 45*q + 139. What are the prime factors of n(10)?
19, 31
Suppose 0*g = 10*g - 4380. List the prime factors of g.
2, 3, 73
Suppose 3*h - h - 64 = 0. Suppose 5*g + h = 7*g. List the prime factors of g.
2
Let u(j) = j**3 + 2*j**2 - j + 1. Let c be u(-2). List the prime factors of ((-260)/(-6))/5*c.
2, 13
Suppose -3*x = 3*x - 24. Suppose r + 2 = 4*o + 20, -5*r + x*o = -58. Suppose u = -6 + r. List the prime factors of u.
2
Let x = -225 - -484. What are the prime factors of x?
7, 37
List the prime factors of 745 + ((-68)/(-16) - (-12)/16).
2, 3, 5
Suppose 2*t + c + 18 = 0, 3*c - 10 = -2*t + 4*t. Suppose 2*h = -59 + 19. Let o = t - h. List the prime factors of o.
2, 3
Let g(p) = -68*p + 74. List the prime factors of g(-7).
2, 5, 11
Let n = -121 + 63. Let v = n + 106. What are the prime factors of v?
2, 3
Suppose -2247 = -2*j - 3*s - 433, j - 2*s = 907. What are the prime factors of j?
907
Let k(x) = x**3 - 2*x**2 - x - 4. Let y be k(3). Suppose -d + 1 = -y*d. List the prime factors of (-2 - 0) + 10 + d.
7
Let q(y) = -8*y**3 + y**2 + 5*y + 15. List the prime factors of q(-4).
523
List the prime factors of 3/(-12) + 627*3/4.
2, 5, 47
List the prime factors of 3/8 - 175266/(-208).
3, 281
What are the prime fact